 = u**3 + 21*u**2 + 111*u + 743. Determine c(-17).
12
Let h(m) = 9414*m + 28254. Give h(-3).
12
Let r(o) = 69*o - 120. Determine r(1).
-51
Let c(o) = 26*o**2 - 2*o + 11. Give c(0).
11
Let i(c) = -c**2 - 49*c - 498. What is i(-16)?
30
Let o(i) = -i**2 - 345*i + 4287. Give o(12).
3
Let u(i) = -5*i + 73. What is u(12)?
13
Let l(c) = 14*c**2 - 35*c - 136. Give l(-5).
389
Let c(v) = -v**2 - 39*v - 193. Determine c(-5).
-23
Let b(t) = t**2 - 18*t - 522. Give b(-15).
-27
Let d(v) = -v**3 + 16*v**2 + 369*v + 44. Determine d(-14).
758
Let h(w) = 184*w - 264. Determine h(2).
104
Let j(b) = -79*b - 3517. Calculate j(-44).
-41
Let h(p) = -p**3 - p + 3. Give h(-4).
71
Let p(f) = 566*f - 2297. Determine p(4).
-33
Let v(a) = -5*a**2 - 136*a + 23. Give v(-28).
-89
Let s(a) = -a**3 + 29*a**2 - 101*a - 1. Calculate s(25).
-26
Let h(w) = -237*w - 41218. Determine h(-174).
20
Let j(w) = -w**2 - 139*w - 923. Determine j(-7).
1
Let g(y) = 3*y**3 + 15*y**2 - 2*y - 3. Calculate g(-5).
7
Let n(p) = -60*p**3 + 4*p**2 - 5*p + 4. What is n(1)?
-57
Let i(n) = n**3 + 30*n**2 + 49*n + 135. Determine i(-28).
331
Let h(l) = 4*l**2 - 47*l + 135. Give h(6).
-3
Let p(c) = -c**3 + 34*c**2 - 76*c + 400. What is p(32)?
16
Let u(l) = 179*l - 13052. What is u(73)?
15
Let d(p) = p**2 + 211*p + 2571. Give d(-198).
-3
Let r(g) = -g**3 - 5*g**2 - g - 20. Determine r(-6).
22
Let w(r) = 388*r**2 + 1559*r - 5. Determine w(-4).
-33
Let n(u) = 3*u**2 + 682*u - 4693. Calculate n(-234).
-13
Let x(g) = -g**3 - 12*g**2 - 21*g - 78. What is x(-15)?
912
Let j(v) = v**2 + 19*v - 7. What is j(-17)?
-41
Let z(j) = j**3 - 24*j**2 + 46*j - 34. Give z(22).
10
Let r(h) = h**3 - 4*h**2 + 634*h - 3207. Give r(5).
-12
Let q(z) = 2*z**3 - 35*z**2 - 3*z + 22. Determine q(17).
-318
Let v(l) = 2258*l - 13586. Calculate v(6).
-38
Let y(b) = -2*b**3 + 67*b**2 + 197*b - 13. Calculate y(-3).
53
Let t(z) = 511*z + 4083. Give t(-8).
-5
Let k(r) = -108*r - 757. What is k(-7)?
-1
Let f(o) = -o**3 - 103*o**2 + 1511*o + 321. Determine f(-116).
-27
Let t(b) = 11*b + 1062. Give t(-96).
6
Let j(v) = -v**3 + 22*v - 7. What is j(4)?
17
Let c(l) = -l**2 + 46*l + 106. Determine c(46).
106
Let p(f) = 19*f - 380. What is p(20)?
0
Let s(g) = -3*g**3 - 7*g**2 - 13*g + 6. Determine s(-4).
138
Let o(s) = -7*s**2 - 33*s + 104. Calculate o(-11).
-380
Let b(i) = 2*i**2 - 215*i - 1296. Give b(-6).
66
Let h(q) = -14*q + 139. Give h(19).
-127
Let b(v) = -5*v**3 - v**2 + 25*v + 56. What is b(-2)?
42
Let q(w) = 5*w**3 - 16*w**2 - 23*w + 31. Determine q(4).
3
Let w(i) = 2*i**2 + 21*i + 51. What is w(-3)?
6
Let z(j) = 4*j**2 + 52*j - 277. Determine z(4).
-5
Let a(c) = -c**2 - 141*c - 415. Give a(-3).
-1
Let l(x) = 56*x + 444. Calculate l(-8).
-4
Let j(p) = p**3 + 52*p**2 - 8*p - 410. Determine j(-52).
6
Let n(y) = 2420*y + 19346. What is n(-8)?
-14
Let q(t) = 523*t - 11980. Give q(23).
49
Let x(k) = 2*k**3 - 18*k**2 + 2*k - 5. What is x(9)?
13
Let g(w) = 190*w**2 - 3*w + 2. Calculate g(-1).
195
Let m(a) = -a**2 - 3508*a - 14026. Determine m(-4).
-10
Let l(f) = -2*f**3 - 21*f**2 - 54*f - 62. Give l(-3).
-35
Let r(y) = 14*y + 2077. What is r(-148)?
5
Let f(i) = 424*i - 3238. What is f(8)?
154
Let x(h) = -32*h + 330. Calculate x(11).
-22
Let v(h) = h**3 - 42*h**2 - 50*h + 388. Give v(43).
87
Let f(i) = i**2 - 34*i - 25. What is f(32)?
-89
Let l(p) = p**3 - 3*p**2 + 7*p - 185. Determine l(6).
-35
Let c(k) = -3*k**3 - 58*k**2 - 24*k + 12. Determine c(-19).
107
Let p(z) = -z**2 + 148*z - 521. Give p(143).
194
Let c(m) = m**3 + 116*m**2 + 228*m - 4. Calculate c(-114).
-4
Let c(g) = -3778*g + 86902. Determine c(23).
8
Let z(n) = 6*n + 4. Determine z(1).
10
Let b(q) = 2*q**2 - 120*q + 150. Give b(58).
-82
Let y(i) = -5*i**2 + 18*i - 2. Determine y(4).
-10
Let g(i) = -5*i - 58. What is g(35)?
-233
Let u(g) = -69*g**2 - g + 1. Determine u(1).
-69
Let a(d) = 42*d - 687. What is a(16)?
-15
Let l(v) = -6043*v + 24155. Calculate l(4).
-17
Let p(x) = -39*x + 129. Give p(3).
12
Let f(s) = 5*s**2 - 13*s + 36. Determine f(-8).
460
Let n(i) = -4119*i - 8246. Calculate n(-2).
-8
Let x(a) = 169*a + 465. Calculate x(-3).
-42
Let k(t) = -t**3 + 112*t**2 + 4*t - 446. Determine k(112).
2
Let p(j) = -12*j - 1774. Determine p(-145).
-34
Let o(r) = -r**2 - 9*r - 20. Calculate o(-8).
-12
Let g(l) = l**3 - 7*l**2 - 2*l - 8. Determine g(0).
-8
Let s(l) = l**3 - 4*l**2 - 9*l + 102. Determine s(6).
120
Let u(d) = -d**3 + 18*d**2 + 4018*d + 179. Give u(-55).
14
Let t(c) = 105*c - 99. What is t(1)?
6
Let r(u) = u**3 - 50*u**2 - 113*u - 5. Determine r(-2).
13
Let z(b) = -220*b**3 + 4*b**2 - 60*b - 64. Calculate z(-1).
220
Let p(w) = -5*w**2 - 61*w + 134. Determine p(-14).
8
Let z(n) = n**3 - 2*n**2 - 63*n. Determine z(9).
0
Let c(r) = 2*r - 208. Give c(45).
-118
Let x(o) = 507*o + 98352. Determine x(-194).
-6
Let w(v) = -1152*v - 11509. What is w(-10)?
11
Let b(n) = -22*n**2 + 140*n + 6. Calculate b(7).
-92
Let q(s) = -6*s**2 - 14*s + 41. What is q(0)?
41
Let m(w) = -26*w**3 + 17*w**2 + 16*w - 21. Calculate m(1).
-14
Let i(t) = t**3 + 25*t**2 - 25*t + 26. What is i(-26)?
0
Let g(l) = -120*l - 942. Determine g(-8).
18
Let w(l) = 2*l**2 + 3*l + 1. Give w(-4).
21
Let k(n) = 3689*n - 11062. Determine k(3).
5
Let s(j) = -42*j + 1083. Give s(0).
1083
Let k(u) = 16*u**3 - 177*u**2 + 23*u - 10. What is k(11)?
122
Let t(w) = w**3 - 12*w**2 + 28*w - 4. What is t(4)?
-20
Let d(r) = r**3 + 5*r**2 - 950*r - 3831. What is d(-4)?
-15
Let p(c) = 3521*c + 38733. What is p(-11)?
2
Let a(k) = 209*k - 1879. Give a(9).
2
Let b(d) = -26*d**3 - 2*d**2 + 2*d + 4. Calculate b(-1).
26
Let l(w) = -8*w**3 - 5*w**2 - 9*w - 25. Calculate l(-4).
443
Let q(t) = -99*t - 708. Calculate q(-7).
-15
Let s(b) = 14*b - 58. Determine s(-16).
-282
Let q(h) = -3*h**3 - 58*h**2 - 19*h - 31. Calculate q(-19).
-31
Let a(f) = -17*f**3 + 509*f**2 + 50*f - 606. What is a(30)?
-6
Let i(d) = d**2 - 159*d + 2297. What is i(16)?
9
Let m(q) = -q**3 + 16*q**2 - 70*q + 15. Determine m(7).
-34
Let h(l) = 5*l**2 - 73*l + 151. Give h(12).
-5
Let m(f) = 11*f - 152. Determine m(9).
-53
Let j(m) = 19*m + 1007. Calculate j(-55).
-38
Let m(t) = -3370*t + 15. Give m(0).
15
Let z(n) = -737*n - 3693. Calculate z(-5).
-8
Let h(f) = 73*f + 322. Give h(-4).
30
Let g(f) = 2187*f + 6558. What is g(-3)?
-3
Let s(l) = 347*l + 7700. Determine s(-22).
66
Let z(c) = -c**3 - 304*c**2 - 4064*c - 1163. Determine z(-290).
-3
Let m(l) = l**2 - 12*l + 26. Give m(6).
-10
Let d(z) = 160*z - 35190. Give d(220).
10
Let c(p) = -1437*p + 45977. Determine c(32).
-7
Let v(z) = 102*z - 907. Give v(9).
11
Let y(h) = -27*h - 967. Give y(-38).
59
Let a(x) = -x**3 + 15*x**2 + 117*x + 78. Determine a(-5).
-7
Let j(p) = -p**3 - 5*p**2 - 296*p - 2988. Calculate j(-9).
0
Let u(s) = s**3 + 21*s**2 + 50*s - 115. Give u(-18).
-43
Let m(h) = 10*h - 391. Determine m(-20).
-591
Let i(h) = 183*h + 160. Determine i(-1).
-23
Let q(v) = -v**2 + 37*v - 221. Determine q(7).
-11
Let f(v) = -5*v**3 - 67*v**2 - 19*v + 61. Determine f(-13).
-30
Let w(b) = 3*b**3 + 79*b**2 + 24*b + 34. Determine w(-26).
86
Let l(h) = -12596*h - 12595. Determine l(-1).
1
Let g(w) = 29*w - 22. Determine g(1).
7
Let l(g) = 39*g + 428. Determine l(-9).
77
Let s(z) = -11*z**3 + 235*z**2 + 156*z - 43. Determine s(22).
1
Let v(q) = -15*q**3 + 855*q**2 + 9*q - 514. What is v(57)?
-1
Let f(d) = 84*d + 3599. What is f(-41)?
155
Let u(g) = -g**3 + 23*g**2 - 22*g - 12. Calculate u(22).
-12
Let i(f) = -3*f**2 - 174*f - 169. Give i(-57).
2
Let l(d) = 2629*d + 57838. What is l(-22)?
0
Let a(m) = -m**2 + 60*m - 511. What is a(0)?
-511
Let v(p) = -148*p + 14. Give v(2).
-282
Let r(u) = -12*u - 298. Give r(-24).
-10
Let h(q) = -46*q**2 + 255*q + 57. What is h(4)?
341
Let x(u) = 2*u + 277. Calculate x(-8).
261
Let c(u) = -9*u**2 + 258*u + 336. Determine c(30).
-24
Let o(b) = -2*b**3 - 244*b**2 + 247*b + 139. What is o(-123)?
16
Let g(k) = 4*k**3 - 13*k**2 + 12*k - 19. Determine g(4).
77
Let r(t) = t**3 + 49*t**2 - 71*t - 1058. What is r(-50)?
-8
Let q(b) = 331*b - 3977. Give q(12).
-5
Let t(h) = 2*h**2 - 40*h - 246. Determine t(27).
132
Let l(v) = 174*v + 688. Determine l(-4).
-8
Let l(m) = -18*m**2 - 76*m + 529. Calculate l(-8).
-15
Let z(l) = 4*l**2 + 273*l - 272. Give z(1).
5
Let p(a) = -2*a**3 + 55*a**2 + 20*a + 231. Wha